[INFO] fetching crate recast-detour-rs 0.1.3...
[INFO] checking recast-detour-rs-0.1.3 against master#af3c6e733a40e671550e0f0f5aeecaa13772ba56 for pr-74989
[INFO] extracting crate recast-detour-rs 0.1.3 into /workspace/builds/worker-2/source
[INFO] validating manifest of crates.io crate recast-detour-rs 0.1.3 on toolchain af3c6e733a40e671550e0f0f5aeecaa13772ba56
[INFO] running `Command { std: "/workspace/cargo-home/bin/cargo" "+af3c6e733a40e671550e0f0f5aeecaa13772ba56" "read-manifest" "--manifest-path" "Cargo.toml", kill_on_drop: false }`
[INFO] started tweaking crates.io crate recast-detour-rs 0.1.3
[INFO] finished tweaking crates.io crate recast-detour-rs 0.1.3
[INFO] tweaked toml for crates.io crate recast-detour-rs 0.1.3 written to /workspace/builds/worker-2/source/Cargo.toml
[INFO] running `Command { std: "/workspace/cargo-home/bin/cargo" "+af3c6e733a40e671550e0f0f5aeecaa13772ba56" "generate-lockfile" "--manifest-path" "Cargo.toml" "-Zno-index-update", kill_on_drop: false }`
[INFO] running `Command { std: "/workspace/cargo-home/bin/cargo" "+af3c6e733a40e671550e0f0f5aeecaa13772ba56" "fetch" "--locked" "--manifest-path" "Cargo.toml", kill_on_drop: false }`
[INFO] [stderr]     Blocking waiting for file lock on package cache
[INFO] running `Command { std: "docker" "create" "-v" "/var/lib/crater-agent-workspace/builds/worker-2/target:/opt/rustwide/target:rw,Z" "-v" "/var/lib/crater-agent-workspace/builds/worker-2/source:/opt/rustwide/workdir:ro,Z" "-v" "/var/lib/crater-agent-workspace/cargo-home:/opt/rustwide/cargo-home:ro,Z" "-v" "/var/lib/crater-agent-workspace/rustup-home:/opt/rustwide/rustup-home:ro,Z" "-e" "SOURCE_DIR=/opt/rustwide/workdir" "-e" "CARGO_TARGET_DIR=/opt/rustwide/target" "-e" "CARGO_HOME=/opt/rustwide/cargo-home" "-e" "RUSTUP_HOME=/opt/rustwide/rustup-home" "-w" "/opt/rustwide/workdir" "-m" "1610612736" "--user" "0:0" "--network" "none" "rustops/crates-build-env@sha256:d92eaeed33fa75130ca1ee6c8a01d1ffb62bac859dfdfb3450e3e5d1c0146529" "/opt/rustwide/cargo-home/bin/cargo" "+af3c6e733a40e671550e0f0f5aeecaa13772ba56" "metadata" "--no-deps" "--format-version=1", kill_on_drop: false }`
[INFO] [stdout] 76dc89c02a268490ce6a7e9de996727e6cbeea784a619a7817afc431585a59fe
[INFO] [stderr] WARNING: Your kernel does not support swap limit capabilities or the cgroup is not mounted. Memory limited without swap.
[INFO] running `Command { std: "docker" "start" "-a" "76dc89c02a268490ce6a7e9de996727e6cbeea784a619a7817afc431585a59fe", kill_on_drop: false }`
[INFO] running `Command { std: "docker" "inspect" "76dc89c02a268490ce6a7e9de996727e6cbeea784a619a7817afc431585a59fe", kill_on_drop: false }`
[INFO] running `Command { std: "docker" "rm" "-f" "76dc89c02a268490ce6a7e9de996727e6cbeea784a619a7817afc431585a59fe", kill_on_drop: false }`
[INFO] [stdout] 76dc89c02a268490ce6a7e9de996727e6cbeea784a619a7817afc431585a59fe
[INFO] running `Command { std: "docker" "create" "-v" "/var/lib/crater-agent-workspace/builds/worker-2/target:/opt/rustwide/target:rw,Z" "-v" "/var/lib/crater-agent-workspace/builds/worker-2/source:/opt/rustwide/workdir:ro,Z" "-v" "/var/lib/crater-agent-workspace/cargo-home:/opt/rustwide/cargo-home:ro,Z" "-v" "/var/lib/crater-agent-workspace/rustup-home:/opt/rustwide/rustup-home:ro,Z" "-e" "SOURCE_DIR=/opt/rustwide/workdir" "-e" "CARGO_TARGET_DIR=/opt/rustwide/target" "-e" "CARGO_INCREMENTAL=0" "-e" "RUST_BACKTRACE=full" "-e" "RUSTFLAGS=--cap-lints=forbid" "-e" "CARGO_HOME=/opt/rustwide/cargo-home" "-e" "RUSTUP_HOME=/opt/rustwide/rustup-home" "-w" "/opt/rustwide/workdir" "-m" "1610612736" "--user" "0:0" "--network" "none" "rustops/crates-build-env@sha256:d92eaeed33fa75130ca1ee6c8a01d1ffb62bac859dfdfb3450e3e5d1c0146529" "/opt/rustwide/cargo-home/bin/cargo" "+af3c6e733a40e671550e0f0f5aeecaa13772ba56" "check" "--frozen" "--all" "--all-targets" "--message-format=json", kill_on_drop: false }`
[INFO] [stdout] abb15eed14e0573f57e6c1b7f36a44a3c2d1fff4187843c62996be9235080772
[INFO] [stderr] WARNING: Your kernel does not support swap limit capabilities or the cgroup is not mounted. Memory limited without swap.
[INFO] running `Command { std: "docker" "start" "-a" "abb15eed14e0573f57e6c1b7f36a44a3c2d1fff4187843c62996be9235080772", kill_on_drop: false }`
[INFO] [stderr]     Checking instant v0.1.6
[INFO] [stderr]     Checking linked-hash-map v0.5.3
[INFO] [stderr]     Checking itoa v0.4.6
[INFO] [stderr]     Checking ci_info v0.3.1
[INFO] [stderr]     Checking lock_api v0.4.1
[INFO] [stderr]    Compiling recast-detour-sys v0.1.1
[INFO] [stderr]     Checking rand_hc v0.1.0
[INFO] [stderr]     Checking rand_xorshift v0.1.1
[INFO] [stderr]     Checking rand_isaac v0.1.1
[INFO] [stderr]     Checking rand_os v0.1.3
[INFO] [stderr]     Checking atty v0.2.14
[INFO] [stderr]     Checking time v0.1.44
[INFO] [stderr]     Checking backtrace v0.3.50
[INFO] [stderr]     Checking termios v0.3.2
[INFO] [stderr]     Checking clicolors-control v1.0.1
[INFO] [stderr]     Checking rand_chacha v0.1.1
[INFO] [stderr]     Checking parking_lot_core v0.8.0
[INFO] [stderr]    Compiling pest_generator v2.1.3
[INFO] [stderr]     Checking ron v0.4.2
[INFO] [stderr]     Checking serde_json v1.0.57
[INFO] [stderr]     Checking rand v0.6.5
[INFO] [stderr]     Checking yaml-rust v0.4.4
[INFO] [stderr]     Checking parking_lot v0.11.0
[INFO] [stderr]     Checking failure v0.1.8
[INFO] [stderr]     Checking chrono v0.4.15
[INFO] [stderr]     Checking console v0.7.7
[INFO] [stderr]     Checking serde_yaml v0.8.13
[INFO] [stderr]    Compiling pest_derive v2.1.0
[INFO] [stderr]     Checking uuid v0.7.4
[INFO] [stderr]     Checking insta v0.7.4
[INFO] [stderr] error: failed to run custom build command for `recast-detour-sys v0.1.1`
[INFO] [stderr] 
[INFO] [stderr] Caused by:
[INFO] [stderr]   process didn't exit successfully: `/opt/rustwide/target/debug/build/recast-detour-sys-a907f4b4c06b3dcc/build-script-build` (exit code: 101)
[INFO] [stderr]   --- stdout
[INFO] [stderr]   running: "cmake" "/opt/rustwide/cargo-home/registry/src/github.com-1ecc6299db9ec823/recast-detour-sys-0.1.1/recast" "-DCMAKE_INSTALL_PREFIX=/opt/rustwide/target/debug/build/recast-detour-sys-1291da20eb0bb298/out" "-DCMAKE_C_FLAGS= -ffunction-sections -fdata-sections -fPIC -m64" "-DCMAKE_C_COMPILER=/usr/bin/cc" "-DCMAKE_CXX_FLAGS= -ffunction-sections -fdata-sections -fPIC -m64" "-DCMAKE_CXX_COMPILER=/usr/bin/c++" "-DCMAKE_ASM_FLAGS= -ffunction-sections -fdata-sections -fPIC -m64" "-DCMAKE_ASM_COMPILER=/usr/bin/cc" "-DCMAKE_BUILD_TYPE=Debug"
[INFO] [stderr]   -- The C compiler identification is GNU 9.3.0
[INFO] [stderr]   -- The CXX compiler identification is GNU 9.3.0
[INFO] [stderr]   -- Check for working C compiler: /usr/bin/cc
[INFO] [stderr]   -- Check for working C compiler: /usr/bin/cc -- works
[INFO] [stderr]   -- Detecting C compiler ABI info
[INFO] [stderr]   -- Detecting C compiler ABI info - done
[INFO] [stderr]   -- Detecting C compile features
[INFO] [stderr]   -- Detecting C compile features - done
[INFO] [stderr]   -- Check for working CXX compiler: /usr/bin/c++
[INFO] [stderr]   -- Check for working CXX compiler: /usr/bin/c++ -- works
[INFO] [stderr]   -- Detecting CXX compiler ABI info
[INFO] [stderr]   -- Detecting CXX compiler ABI info - done
[INFO] [stderr]   -- Detecting CXX compile features
[INFO] [stderr]   -- Detecting CXX compile features - done
[INFO] [stderr]   -- Configuring done
[INFO] [stderr]   -- Generating done
[INFO] [stderr]   -- Build files have been written to: /opt/rustwide/target/debug/build/recast-detour-sys-1291da20eb0bb298/out/build
[INFO] [stderr]   running: "cmake" "--build" "." "--target" "install" "--config" "Debug" "--"
[INFO] [stderr]   Scanning dependencies of target Recast
[INFO] [stderr]   Scanning dependencies of target Detour
[INFO] [stderr]   [  5%] Building CXX object recastnavigation/Recast/CMakeFiles/Recast.dir/Source/RecastAlloc.cpp.o
[INFO] [stderr]   [  8%] Building CXX object recastnavigation/Recast/CMakeFiles/Recast.dir/Source/Recast.cpp.o
[INFO] [stderr]   [  2%] Building CXX object recastnavigation/Recast/CMakeFiles/Recast.dir/Source/RecastArea.cpp.o
[INFO] [stderr]   [ 10%] Building CXX object recastnavigation/Detour/CMakeFiles/Detour.dir/Source/DetourAssert.cpp.o
[INFO] [stderr]   [ 13%] Building CXX object recastnavigation/Detour/CMakeFiles/Detour.dir/Source/DetourCommon.cpp.o
[INFO] [stderr]   [ 16%] Building CXX object recastnavigation/Detour/CMakeFiles/Detour.dir/Source/DetourAlloc.cpp.o
[INFO] [stderr]   [ 18%] Building CXX object recastnavigation/Recast/CMakeFiles/Recast.dir/Source/RecastAssert.cpp.o
[INFO] [stderr]   [ 21%] Building CXX object recastnavigation/Detour/CMakeFiles/Detour.dir/Source/DetourNavMesh.cpp.o
[INFO] [stderr]   [ 24%] Building CXX object recastnavigation/Recast/CMakeFiles/Recast.dir/Source/RecastContour.cpp.o
[INFO] [stderr]   [ 27%] Building CXX object recastnavigation/Detour/CMakeFiles/Detour.dir/Source/DetourNavMeshBuilder.cpp.o
[INFO] [stderr]   [ 29%] Building CXX object recastnavigation/Detour/CMakeFiles/Detour.dir/Source/DetourNavMeshQuery.cpp.o
[INFO] [stderr]   [ 32%] Building CXX object recastnavigation/Recast/CMakeFiles/Recast.dir/Source/RecastFilter.cpp.o
[INFO] [stderr]   [ 35%] Building CXX object recastnavigation/Recast/CMakeFiles/Recast.dir/Source/RecastLayers.cpp.o
[INFO] [stderr]   [ 37%] Building CXX object recastnavigation/Detour/CMakeFiles/Detour.dir/Source/DetourNode.cpp.o
[INFO] [stderr]   [ 40%] Building CXX object recastnavigation/Recast/CMakeFiles/Recast.dir/Source/RecastMesh.cpp.o
[INFO] [stderr]   [ 43%] Building CXX object recastnavigation/Recast/CMakeFiles/Recast.dir/Source/RecastMeshDetail.cpp.o
[INFO] [stderr]   [ 45%] Building CXX object recastnavigation/Recast/CMakeFiles/Recast.dir/Source/RecastRegion.cpp.o
[INFO] [stderr]   [ 48%] Building CXX object recastnavigation/Recast/CMakeFiles/Recast.dir/Source/RecastRasterization.cpp.o
[INFO] [stderr]   [ 51%] Linking CXX static library libRecast.a
[INFO] [stderr]   [ 51%] Built target Recast
[INFO] [stderr]   [ 54%] Linking CXX static library libDetour.a
[INFO] [stderr]   [ 54%] Built target Detour
[INFO] [stderr]   Scanning dependencies of target RecastC
[INFO] [stderr]   Scanning dependencies of target DetourCrowd
[INFO] [stderr]   Scanning dependencies of target DetourTileCache
[INFO] [stderr]   [ 56%] Building CXX object recastnavigation/DetourTileCache/CMakeFiles/DetourTileCache.dir/Source/DetourTileCache.cpp.o
[INFO] [stderr]   [ 59%] Building CXX object recastnavigation/DetourCrowd/CMakeFiles/DetourCrowd.dir/Source/DetourLocalBoundary.cpp.o
[INFO] [stderr]   [ 62%] Building CXX object recastnavigation/DetourCrowd/CMakeFiles/DetourCrowd.dir/Source/DetourObstacleAvoidance.cpp.o
[INFO] [stderr]   [ 64%] Building CXX object recastnavigation/DetourTileCache/CMakeFiles/DetourTileCache.dir/Source/DetourTileCacheBuilder.cpp.o
[INFO] [stderr]   [ 67%] Building CXX object recastc/CMakeFiles/RecastC.dir/Source/recastc.cpp.o
[INFO] [stderr]   [ 70%] Building CXX object recastnavigation/DetourCrowd/CMakeFiles/DetourCrowd.dir/Source/DetourCrowd.cpp.o
[INFO] [stderr]   [ 72%] Building CXX object recastnavigation/DetourCrowd/CMakeFiles/DetourCrowd.dir/Source/DetourPathCorridor.cpp.o
[INFO] [stderr]   [ 75%] Building CXX object recastnavigation/DetourCrowd/CMakeFiles/DetourCrowd.dir/Source/DetourPathQueue.cpp.o
[INFO] [stderr]   [ 78%] Building CXX object recastnavigation/DetourCrowd/CMakeFiles/DetourCrowd.dir/Source/DetourProximityGrid.cpp.o
[INFO] [stderr]   [ 81%] Linking CXX static library libDetourCrowd.a
[INFO] [stderr]   [ 83%] Linking CXX static library libDetourTileCache.a
[INFO] [stderr]   [ 83%] Built target DetourCrowd
[INFO] [stderr]   [ 83%] Built target DetourTileCache
[INFO] [stderr] 
[INFO] [stderr]   --- stderr
[INFO] [stderr]   CMake Warning:
[INFO] [stderr]     Manually-specified variables were not used by the project:
[INFO] [stderr] 
[INFO] [stderr]       CMAKE_ASM_COMPILER
[INFO] [stderr]       CMAKE_ASM_FLAGS
[INFO] [stderr] 
[INFO] [stderr] 
[INFO] [stderr]   In file included from /opt/rustwide/cargo-home/registry/src/github.com-1ecc6299db9ec823/recast-detour-sys-0.1.1/recast/recastc/Source/recastc.cpp:7:
[INFO] [stderr]   /opt/rustwide/cargo-home/registry/src/github.com-1ecc6299db9ec823/recast-detour-sys-0.1.1/recast/recastc/Source/recastc.cpp: In function 'void write_error(const char*, recastc_Error*)':
[INFO] [stderr]   /opt/rustwide/cargo-home/registry/src/github.com-1ecc6299db9ec823/recast-detour-sys-0.1.1/recast/recastc/Source/recastc.cpp:24:9: error: 'strlen' was not declared in this scope
[INFO] [stderr]      24 |  assert(strlen(msg) < 255);
[INFO] [stderr]         |         ^~~~~~
[INFO] [stderr]   /opt/rustwide/cargo-home/registry/src/github.com-1ecc6299db9ec823/recast-detour-sys-0.1.1/recast/recastc/Source/recastc.cpp:8:1: note: 'strlen' is defined in header '<cstring>'; did you forget to '#include <cstring>'?
[INFO] [stderr]       7 | #include <assert.h>
[INFO] [stderr]     +++ |+#include <cstring>
[INFO] [stderr]       8 | 
[INFO] [stderr]   /opt/rustwide/cargo-home/registry/src/github.com-1ecc6299db9ec823/recast-detour-sys-0.1.1/recast/recastc/Source/recastc.cpp:25:2: error: 'strcpy' was not declared in this scope
[INFO] [stderr]      25 |  strcpy(error->msg, msg);
[INFO] [stderr]         |  ^~~~~~
[INFO] [stderr]   /opt/rustwide/cargo-home/registry/src/github.com-1ecc6299db9ec823/recast-detour-sys-0.1.1/recast/recastc/Source/recastc.cpp:25:2: note: 'strcpy' is defined in header '<cstring>'; did you forget to '#include <cstring>'?
[INFO] [stderr]   /opt/rustwide/cargo-home/registry/src/github.com-1ecc6299db9ec823/recast-detour-sys-0.1.1/recast/recastc/Source/recastc.cpp: In function 'recastc_Query* recastc_create_query(recastc_NavMesh*, recastc_Error*)':
[INFO] [stderr]   /opt/rustwide/cargo-home/registry/src/github.com-1ecc6299db9ec823/recast-detour-sys-0.1.1/recast/recastc/Source/recastc.cpp:42:3: error: 'memset' was not declared in this scope
[INFO] [stderr]      42 |   memset(&params, 0, sizeof(params));
[INFO] [stderr]         |   ^~~~~~
[INFO] [stderr]   /opt/rustwide/cargo-home/registry/src/github.com-1ecc6299db9ec823/recast-detour-sys-0.1.1/recast/recastc/Source/recastc.cpp:42:3: note: 'memset' is defined in header '<cstring>'; did you forget to '#include <cstring>'?
[INFO] [stderr]   /opt/rustwide/cargo-home/registry/src/github.com-1ecc6299db9ec823/recast-detour-sys-0.1.1/recast/recastc/Source/recastc.cpp:84:3: error: 'memcpy' was not declared in this scope
[INFO] [stderr]      84 |   memcpy(pm_verts_p.get(), qparam->verts, sizeof(uint16_t) * pm_vert_count * 3);
[INFO] [stderr]         |   ^~~~~~
[INFO] [stderr]   /opt/rustwide/cargo-home/registry/src/github.com-1ecc6299db9ec823/recast-detour-sys-0.1.1/recast/recastc/Source/recastc.cpp:84:3: note: 'memcpy' is defined in header '<cstring>'; did you forget to '#include <cstring>'?
[INFO] [stderr]   make[2]: *** [recastc/CMakeFiles/RecastC.dir/build.make:63: recastc/CMakeFiles/RecastC.dir/Source/recastc.cpp.o] Error 1
[INFO] [stderr]   make[1]: *** [CMakeFiles/Makefile2:354: recastc/CMakeFiles/RecastC.dir/all] Error 2
[INFO] [stderr]   make[1]: *** Waiting for unfinished jobs....
[INFO] [stderr]   make: *** [Makefile:130: all] Error 2
[INFO] [stderr]   thread 'main' panicked at '
[INFO] [stderr]   command did not execute successfully, got: exit code: 2
[INFO] [stderr] 
[INFO] [stderr]   build script failed, must exit now', /opt/rustwide/cargo-home/registry/src/github.com-1ecc6299db9ec823/cmake-0.1.44/src/lib.rs:885:5
[INFO] [stderr]   stack backtrace:
[INFO] [stderr]      0:     0x55840c48b960 - std::backtrace_rs::backtrace::libunwind::trace::h452faf99f32e7c93
[INFO] [stderr]                                  at /rustc/af3c6e733a40e671550e0f0f5aeecaa13772ba56/library/std/src/../../backtrace/src/backtrace/libunwind.rs:96
[INFO] [stderr]      1:     0x55840c48b960 - std::backtrace_rs::backtrace::trace_unsynchronized::he40edc71437667a1
[INFO] [stderr]                                  at /rustc/af3c6e733a40e671550e0f0f5aeecaa13772ba56/library/std/src/../../backtrace/src/backtrace/mod.rs:66
[INFO] [stderr]      2:     0x55840c48b960 - std::sys_common::backtrace::_print_fmt::h6c51d6ade71f46bf
[INFO] [stderr]                                  at /rustc/af3c6e733a40e671550e0f0f5aeecaa13772ba56/library/std/src/sys_common/backtrace.rs:79
[INFO] [stderr]      3:     0x55840c48b960 - <std::sys_common::backtrace::_print::DisplayBacktrace as core::fmt::Display>::fmt::h3cd15d7003dec37a
[INFO] [stderr]                                  at /rustc/af3c6e733a40e671550e0f0f5aeecaa13772ba56/library/std/src/sys_common/backtrace.rs:58
[INFO] [stderr]      4:     0x55840c4aad6c - core::fmt::write::h1857a60b204f1b6a
[INFO] [stderr]                                  at /rustc/af3c6e733a40e671550e0f0f5aeecaa13772ba56/library/core/src/fmt/mod.rs:1080
[INFO] [stderr]      5:     0x55840c488357 - std::io::Write::write_fmt::hac61caff894c35ae
[INFO] [stderr]                                  at /rustc/af3c6e733a40e671550e0f0f5aeecaa13772ba56/library/std/src/io/mod.rs:1517
[INFO] [stderr]      6:     0x55840c48e110 - std::sys_common::backtrace::_print::haa2f390fb7957e3e
[INFO] [stderr]                                  at /rustc/af3c6e733a40e671550e0f0f5aeecaa13772ba56/library/std/src/sys_common/backtrace.rs:61
[INFO] [stderr]      7:     0x55840c48e110 - std::sys_common::backtrace::print::h48c7cbbad9013bb1
[INFO] [stderr]                                  at /rustc/af3c6e733a40e671550e0f0f5aeecaa13772ba56/library/std/src/sys_common/backtrace.rs:48
[INFO] [stderr]      8:     0x55840c48e110 - std::panicking::default_hook::{{closure}}::h8b7ff05a31e71d55
[INFO] [stderr]                                  at /rustc/af3c6e733a40e671550e0f0f5aeecaa13772ba56/library/std/src/panicking.rs:208
[INFO] [stderr]      9:     0x55840c48de5c - std::panicking::default_hook::h2f00c78800d98e4c
[INFO] [stderr]                                  at /rustc/af3c6e733a40e671550e0f0f5aeecaa13772ba56/library/std/src/panicking.rs:227
[INFO] [stderr]     10:     0x55840c48e773 - std::panicking::rust_panic_with_hook::h4eaa635e4694aef3
[INFO] [stderr]                                  at /rustc/af3c6e733a40e671550e0f0f5aeecaa13772ba56/library/std/src/panicking.rs:577
[INFO] [stderr]     11:     0x55840c48e349 - std::panicking::begin_panic_handler::{{closure}}::hec242f1b136b5ff2
[INFO] [stderr]                                  at /rustc/af3c6e733a40e671550e0f0f5aeecaa13772ba56/library/std/src/panicking.rs:484
[INFO] [stderr]     12:     0x55840c48bdcc - std::sys_common::backtrace::__rust_end_short_backtrace::h1f3cc383ee6c0374
[INFO] [stderr]                                  at /rustc/af3c6e733a40e671550e0f0f5aeecaa13772ba56/library/std/src/sys_common/backtrace.rs:153
[INFO] [stderr]     13:     0x55840c48e309 - rust_begin_unwind
[INFO] [stderr]                                  at /rustc/af3c6e733a40e671550e0f0f5aeecaa13772ba56/library/std/src/panicking.rs:483
[INFO] [stderr]     14:     0x55840c48e2bb - std::panicking::begin_panic_fmt::hebfdcd945bbd27b1
[INFO] [stderr]                                  at /rustc/af3c6e733a40e671550e0f0f5aeecaa13772ba56/library/std/src/panicking.rs:437
[INFO] [stderr]     15:     0x55840c418d07 - cmake::fail::h5ac34a445f962f17
[INFO] [stderr]                                  at /opt/rustwide/cargo-home/registry/src/github.com-1ecc6299db9ec823/cmake-0.1.44/src/lib.rs:885
[INFO] [stderr]     16:     0x55840c41864c - cmake::run::hdae76e59475531dd
[INFO] [stderr]                                  at /opt/rustwide/cargo-home/registry/src/github.com-1ecc6299db9ec823/cmake-0.1.44/src/lib.rs:863
[INFO] [stderr]     17:     0x55840c414dbb - cmake::Config::build::h1f94ac9664857d70
[INFO] [stderr]                                  at /opt/rustwide/cargo-home/registry/src/github.com-1ecc6299db9ec823/cmake-0.1.44/src/lib.rs:769
[INFO] [stderr]     18:     0x55840c410713 - cmake::build::h754ea75b6cc8e5c4
[INFO] [stderr]                                  at /opt/rustwide/cargo-home/registry/src/github.com-1ecc6299db9ec823/cmake-0.1.44/src/lib.rs:99
[INFO] [stderr]     19:     0x55840c40f1b0 - build_script_build::main::hb7f6e057b1fd961e
[INFO] [stderr]                                  at /opt/rustwide/cargo-home/registry/src/github.com-1ecc6299db9ec823/recast-detour-sys-0.1.1/build.rs:31
[INFO] [stderr]     20:     0x55840c41007b - core::ops::function::FnOnce::call_once::h41393b95b0ee6b57
[INFO] [stderr]                                  at /rustc/af3c6e733a40e671550e0f0f5aeecaa13772ba56/library/core/src/ops/function.rs:227
[INFO] [stderr]     21:     0x55840c41001e - std::sys_common::backtrace::__rust_begin_short_backtrace::hfd8f80df2ec79b63
[INFO] [stderr]                                  at /rustc/af3c6e733a40e671550e0f0f5aeecaa13772ba56/library/std/src/sys_common/backtrace.rs:137
[INFO] [stderr]     22:     0x55840c411101 - std::rt::lang_start::{{closure}}::h1ea863a1d1de7055
[INFO] [stderr]                                  at /rustc/af3c6e733a40e671550e0f0f5aeecaa13772ba56/library/std/src/rt.rs:66
[INFO] [stderr]     23:     0x55840c48eb71 - core::ops::function::impls::<impl core::ops::function::FnOnce<A> for &F>::call_once::hecc21eb9018cc197
[INFO] [stderr]                                  at /rustc/af3c6e733a40e671550e0f0f5aeecaa13772ba56/library/core/src/ops/function.rs:259
[INFO] [stderr]     24:     0x55840c48eb71 - std::panicking::try::do_call::h174ad655d084b5c7
[INFO] [stderr]                                  at /rustc/af3c6e733a40e671550e0f0f5aeecaa13772ba56/library/std/src/panicking.rs:381
[INFO] [stderr]     25:     0x55840c48eb71 - std::panicking::try::h479e6054ce28de10
[INFO] [stderr]                                  at /rustc/af3c6e733a40e671550e0f0f5aeecaa13772ba56/library/std/src/panicking.rs:345
[INFO] [stderr]     26:     0x55840c48eb71 - std::panic::catch_unwind::hb558ddea2b3e9c45
[INFO] [stderr]                                  at /rustc/af3c6e733a40e671550e0f0f5aeecaa13772ba56/library/std/src/panic.rs:382
[INFO] [stderr]     27:     0x55840c48eb71 - std::rt::lang_start_internal::h163149047f0a8b61
[INFO] [stderr]                                  at /rustc/af3c6e733a40e671550e0f0f5aeecaa13772ba56/library/std/src/rt.rs:51
[INFO] [stderr]     28:     0x55840c4110d7 - std::rt::lang_start::h50639599aff6c37e
[INFO] [stderr]                                  at /rustc/af3c6e733a40e671550e0f0f5aeecaa13772ba56/library/std/src/rt.rs:65
[INFO] [stderr]     29:     0x55840c40fc2a - main
[INFO] [stderr]     30:     0x7f153f4f30b3 - __libc_start_main
[INFO] [stderr]     31:     0x55840c40f0ce - _start
[INFO] [stderr]     32:                0x0 - <unknown>
[INFO] [stderr] warning: build failed, waiting for other jobs to finish...
[INFO] [stderr] error: build failed
[INFO] running `Command { std: "docker" "inspect" "abb15eed14e0573f57e6c1b7f36a44a3c2d1fff4187843c62996be9235080772", kill_on_drop: false }`
[INFO] running `Command { std: "docker" "rm" "-f" "abb15eed14e0573f57e6c1b7f36a44a3c2d1fff4187843c62996be9235080772", kill_on_drop: false }`
[INFO] [stdout] abb15eed14e0573f57e6c1b7f36a44a3c2d1fff4187843c62996be9235080772
